{"id":12336,"date":"2017-09-13T09:35:20","date_gmt":"2017-09-13T07:35:20","guid":{"rendered":"http:\/\/www.euro-ceramika.pl\/nowa\/?page_id=12336"},"modified":"2021-06-21T14:37:04","modified_gmt":"2021-06-21T12:37:04","slug":"unsere-laden","status":"publish","type":"page","link":"https:\/\/www.euro-ceramika.pl\/de\/unsere-laden\/","title":{"rendered":"Unsere Fachgesch\u00e4fte"},"content":{"rendered":"","protected":false},"excerpt":{"rendered":"","protected":false},"author":1,"featured_media":0,"parent":0,"menu_order":2,"comment_status":"closed","ping_status":"closed","template":"templates\/page-onepage.php","meta":{"_acf_changed":false,"footnotes":""},"class_list":["post-12336","page","type-page","status-publish","hentry"],"acf":[],"yoast_head":"<!-- This site is optimized with the Yoast SEO plugin v27.5 - https:\/\/yoast.com\/product\/yoast-seo-wordpress\/ -->\n<title>Unsere Fachgesch\u00e4fte | Euro-Ceramika Warschau<\/title>\n<meta name=\"description\" content=\"Besuchen Sie unsere gro\u00dfe Fliesen-Fachgesch\u00e4fte in Warschau. Gerne \u00fcberraschen wir Sie mit unserem einzigartigen Sortiment f\u00fcr Innen- und Aussenbereiche.\" \/>\n<meta name=\"robots\" content=\"index, follow, max-snippet:-1, max-image-preview:large, max-video-preview:-1\" \/>\n<link rel=\"canonical\" href=\"http:\/\/www.euro-ceramika.pl\/nasze-salony\/\" \/>\n<meta property=\"og:locale\" content=\"de_DE\" \/>\n<meta property=\"og:type\" content=\"article\" \/>\n<meta property=\"og:title\" content=\"Unsere Fachgesch\u00e4fte | Euro-Ceramika Warschau\" \/>\n<meta property=\"og:description\" content=\"Besuchen Sie unsere gro\u00dfe Fliesen-Fachgesch\u00e4fte in Warschau. Gerne \u00fcberraschen wir Sie mit unserem einzigartigen Sortiment f\u00fcr Innen- und Aussenbereiche.\" \/>\n<meta property=\"og:url\" content=\"http:\/\/www.euro-ceramika.pl\/nasze-salony\/\" \/>\n<meta property=\"og:site_name\" content=\"Euro Ceramika\" \/>\n<meta property=\"article:publisher\" content=\"https:\/\/www.facebook.com\/pages\/Euro-Ceramika\/331389746932335\" \/>\n<meta property=\"article:modified_time\" content=\"2021-06-21T12:37:04+00:00\" \/>\n<meta name=\"twitter:card\" content=\"summary_large_image\" \/>\n<!-- \/ Yoast SEO plugin. -->","yoast_head_json":{"title":"Unsere Fachgesch\u00e4fte | Euro-Ceramika Warschau","description":"Besuchen Sie unsere gro\u00dfe Fliesen-Fachgesch\u00e4fte in Warschau. Gerne \u00fcberraschen wir Sie mit unserem einzigartigen Sortiment f\u00fcr Innen- und Aussenbereiche.","robots":{"index":"index","follow":"follow","max-snippet":"max-snippet:-1","max-image-preview":"max-image-preview:large","max-video-preview":"max-video-preview:-1"},"canonical":"http:\/\/www.euro-ceramika.pl\/nasze-salony\/","og_locale":"de_DE","og_type":"article","og_title":"Unsere Fachgesch\u00e4fte | Euro-Ceramika Warschau","og_description":"Besuchen Sie unsere gro\u00dfe Fliesen-Fachgesch\u00e4fte in Warschau. Gerne \u00fcberraschen wir Sie mit unserem einzigartigen Sortiment f\u00fcr Innen- und Aussenbereiche.","og_url":"http:\/\/www.euro-ceramika.pl\/nasze-salony\/","og_site_name":"Euro Ceramika","article_publisher":"https:\/\/www.facebook.com\/pages\/Euro-Ceramika\/331389746932335","article_modified_time":"2021-06-21T12:37:04+00:00","twitter_card":"summary_large_image","schema":{"@context":"https:\/\/schema.org","@graph":[{"@type":"WebPage","@id":"http:\/\/www.euro-ceramika.pl\/nasze-salony\/","url":"http:\/\/www.euro-ceramika.pl\/nasze-salony\/","name":"Unsere Fachgesch\u00e4fte | Euro-Ceramika Warschau","isPartOf":{"@id":"http:\/\/www.euro-ceramika.pl\/#website"},"datePublished":"2017-09-13T07:35:20+00:00","dateModified":"2021-06-21T12:37:04+00:00","description":"Besuchen Sie unsere gro\u00dfe Fliesen-Fachgesch\u00e4fte in Warschau. Gerne \u00fcberraschen wir Sie mit unserem einzigartigen Sortiment f\u00fcr Innen- und Aussenbereiche.","breadcrumb":{"@id":"http:\/\/www.euro-ceramika.pl\/nasze-salony\/#breadcrumb"},"inLanguage":"de","potentialAction":[{"@type":"ReadAction","target":["http:\/\/www.euro-ceramika.pl\/nasze-salony\/"]}]},{"@type":"BreadcrumbList","@id":"http:\/\/www.euro-ceramika.pl\/nasze-salony\/#breadcrumb","itemListElement":[{"@type":"ListItem","position":1,"name":"","item":"https:\/\/www.euro-ceramika.pl\/de\/"},{"@type":"ListItem","position":2,"name":"Unsere Fachgesch\u00e4fte"}]},{"@type":"WebSite","@id":"http:\/\/www.euro-ceramika.pl\/#website","url":"http:\/\/www.euro-ceramika.pl\/","name":"Euro Ceramika","description":"","potentialAction":[{"@type":"SearchAction","target":{"@type":"EntryPoint","urlTemplate":"http:\/\/www.euro-ceramika.pl\/?s={search_term_string}"},"query-input":{"@type":"PropertyValueSpecification","valueRequired":true,"valueName":"search_term_string"}}],"inLanguage":"de"}]}},"_links":{"self":[{"href":"https:\/\/www.euro-ceramika.pl\/de\/wp-json\/wp\/v2\/pages\/12336","targetHints":{"allow":["GET"]}}],"collection":[{"href":"https:\/\/www.euro-ceramika.pl\/de\/wp-json\/wp\/v2\/pages"}],"about":[{"href":"https:\/\/www.euro-ceramika.pl\/de\/wp-json\/wp\/v2\/types\/page"}],"author":[{"embeddable":true,"href":"https:\/\/www.euro-ceramika.pl\/de\/wp-json\/wp\/v2\/users\/1"}],"replies":[{"embeddable":true,"href":"https:\/\/www.euro-ceramika.pl\/de\/wp-json\/wp\/v2\/comments?post=12336"}],"version-history":[{"count":0,"href":"https:\/\/www.euro-ceramika.pl\/de\/wp-json\/wp\/v2\/pages\/12336\/revisions"}],"wp:attachment":[{"href":"https:\/\/www.euro-ceramika.pl\/de\/wp-json\/wp\/v2\/media?parent=12336"}],"curies":[{"name":"wp","href":"https:\/\/api.w.org\/{rel}","templated":true}]}}

Unsere Fachgeschäfte

<!-- This site is optimized with the Yoast SEO plugin v27.5 - https://yoast.com/product/yoast-seo-wordpress/ -->
<title>Unsere Fachgeschäfte | Euro-Ceramika Warschau</title>
<meta name="description" content="Besuchen Sie unsere große Fliesen-Fachgeschäfte in Warschau. Gerne überraschen wir Sie mit unserem einzigartigen Sortiment für Innen- und Aussenbereiche." />
<meta name="robots" content="index, follow, max-snippet:-1, max-image-preview:large, max-video-preview:-1" />
<link rel="canonical" href="http://www.euro-ceramika.pl/nasze-salony/" />
<meta property="og:locale" content="de_DE" />
<meta property="og:type" content="article" />
<meta property="og:title" content="Unsere Fachgeschäfte | Euro-Ceramika Warschau" />
<meta property="og:description" content="Besuchen Sie unsere große Fliesen-Fachgeschäfte in Warschau. Gerne überraschen wir Sie mit unserem einzigartigen Sortiment für Innen- und Aussenbereiche." />
<meta property="og:url" content="http://www.euro-ceramika.pl/nasze-salony/" />
<meta property="og:site_name" content="Euro Ceramika" />
<meta property="article:publisher" content="https://www.facebook.com/pages/Euro-Ceramika/331389746932335" />
<meta property="article:modified_time" content="2021-06-21T12:37:04+00:00" />
<meta name="twitter:card" content="summary_large_image" />
<!-- / Yoast SEO plugin. -->

Unsere Fachgeschäfte | Euro-Ceramika Warschau

Besuchen Sie unsere große Fliesen-Fachgeschäfte in Warschau. Gerne überraschen wir Sie mit unserem einzigartigen Sortiment für Innen- und Aussenbereiche.
